((-15 - 0) + (8 - -1) + 0).
32
5 - (-5 - (35 + -27))
18
Evaluate 0 + (-4 - (0 - 10) - (2 + 3)).
1
What is (0 - (2 + 1 + (0 - -6))) + 10?
1
Calculate (5 - (4 - 15)) + -38.
-22
What is the value of -3 + (-17 + 4 - 1) + 9?
-8
-7 + 1 + 6 + (-3 - 4) - -5
-2
Evaluate 2 - 3 - -5 - (25 + -3 - 10).
-8
Calculate (3 + -6 - -2) + 10 + 37 + -28.
18
What is (23 - 11 - (-1 - -1)) + 3 - 8?
7
Calculate -2 + -4 - 1 - (-13 - 8).
14
What is the value of 6 - ((12 + -14 - 3) + -2 + 7)?
6
Evaluate -11 + (13 - 37) + (13 - 2).
-24
Calculate -36 - -54 - (-4 - -54).
-32
What is 28 - (-8 + (-18 - -60))?
-6
-12 - (-41 - -1 - (-4 - 8))
16
12 + -37 + 18 - -35
28
70 + -1 - (6 + 25)
38
9 - ((0 - -2) + -12 + 27 + 1)
-9
Calculate -12 - ((40 - 29) + -19).
-4
Calculate -1 + (11 - (-6 - (-12 - -6) - -4)).
6
What is the value of -49 + 98 - 44 - (0 + 1)?
4
22 - 3 - (19 + -8) - (0 + -16)
24
(-33 - 0) + (-24 - -42)
-15
Evaluate (10 - -9) + -42 + 43.
20
What is 28 + (-30 - (12 + 15))?
-29
Evaluate 7 + -2 - ((10 - 4) + -9 + 9).
-1
Evaluate -3 - ((7 - (-12 + 19)) + -9).
6
(-23 - -1) + (9 - (-17 + 26))
-22
Evaluate (27 - 40) + -31 + (18 - 2).
-28
What is 9 + -15 + (0 - -6)?
0
What is (4 - -1) + -6 + (-16 - -10)?
-7
What is the value of (15 - (7 + 7)) + -3?
-2
What is -189 - -208 - (3 + (-2 - -12))?
6
What is 5 + (-3 - ((-4 - (5 - 8)) + -5))?
8
What is the value of 6 + (-8 - -4) + 4 + 0 - 2?
4
What is 4 - (-1 + (-4 - -8 - -1)) - 2?
-2
Calculate 5 - 35 - (2 + (2 - 2) + -4).
-28
What is the value of 8 + 0 + -14 + -2 - -17?
9
Calculate -12 + 0 - ((-238 - -251) + (-11 - -1)).
-15
Calculate 10 - (21 - (30 - 14)).
5
What is -16 + -4 + (5 - 2) + 6?
-11
Evaluate -10 - (-2 - (8 + -7)).
-7
What is the value of (3 - (1 + -6) - -5) + (-3 - -3)?
13
5 - (2 + -4 + 0 - 2)
9
2 - -2 - (-40 + 35)
9
7 + -4 + -21 + (2 - -1)
-15
Evaluate -9 + 1 + 0 + 18.
10
Calculate -1 + (-11 - -10) + 11.
9
Calculate -16 + (39 - (-18 - -15)) - (5 - 0).
21
(16 - 5) + 2 + 7 + 9 + -12
17
Evaluate (50 - 52) + (7 - -6).
11
Evaluate (-9 - -14 - 10) + 9.
4
What is -14 + -10 + 26 - 24?
-22
Calculate -30 + -7 + (-12 - (-2 - 8)) + 3.
-36
(-171 - -189) + (15 + -1 - -1)
33
Calculate (-80 - -78) + (-1 - -4) + 1.
2
Evaluate 10 - (-3 - ((0 - -2) + 1)).
16
What is (15 - 10 - (1 - (3 + -4))) + 4?
7
Evaluate 6 - 3 - (-8 - -1) - 18.
-8
Evaluate -1 - 13 - (-406 - -393).
-1
Calculate -9 - (-11 - 7 - 1).
10
Calculate 0 - -3 - (5 - 5) - -4.
7
Evaluate -248 + 246 - (-1 + 0 - (-2 + 0)).
-3
12 + 1 + -33 + 11
-9
Evaluate (1 - (-3 - (11 - 5) - -51)) + 10.
-31
11 + (7 - (-5 - -12)) + -1 + -5
5
What is the value of -6 - 4 - -10 - (0 - 3)?
3
Evaluate (4 - (5 - -14)) + 5.
-10
Calculate 2 + 4 - (-5 - 4).
15
-73 - -36 - -5 - (-14 - (-3 + 0))
-21
What is the value of (-16 - -6) + 10 + 3 - 8?
-5
Evaluate (-17 + 18 - 6) + (0 - 5 - -8).
-2
Calculate (-6 - 5) + (-7 - -33).
15
Calculate (10 - 26 - -1) + 7.
-8
What is -29 + (-10 - 6 - -30) - -3?
-12
Evaluate (-3 - -10) + (0 - ((-7 - -3) + 3)).
8
-12 - (-13 - -16 - 9)
-6
What is -1 - -6 - (51 - 43) - -9?
6
What is the value of -4 + (-5 + (11 - 3) - 14) + 4?
-11
What is ((-26 - 0) + 33 - (3 + -1)) + -15?
-10
Calculate -10 + (88 - 109 - (1 + -5 - 8)).
-19
Evaluate -2 + 8 + (-31 - -16).
-9
6 + -7 - (-1 + (-23 - -11))
12
Evaluate (1 - (-1 + 7)) + (-42 - 15 - -50).
-12
Evaluate 12 + 3 + 2 + 23 + 61 + -65.
36
(2 - 0) + 7 + (10 - 3 - -3)
19
What is 12 + -8 - -2 - (-3 + -1 - 6)?
16
Calculate -126 + 145 - (39 + -3).
-17
(11 - 13) + -8 + 0 + 6 - 2
-6
What is -5 + -5 + (-2 - -6 - -15)?
9
Calculate (-32 - 5) + -6 - -34.
-9
(4 - 1) + (37 - 36) + -14
-10
What is the value of -8 + -2 + 6 - (-13 - 3)?
12
Calculate 137 + -131 - (1 + 1).
4
Calculate 75 + -86 - (9 - 4).
-16
What is (33 + -20 - (4 - 3)) + 4?
16
Evaluate (23 + -25 - 13) + 19.
4
What is -15 - (12 + -2 + -23) - -4?
2
Evaluate 5 - (-2 + 5 + (17 - 13)).
-2
-14 - (0 - (-4 - -17)) - (-2 + -3)
4
Calculate 19 - (-5 + 31) - -34.
27
Evaluate 21 - ((7 - 11) + 11).
14
Calculate 39 + -50 - (0 - (1 - -3)).
-7
What is the value of 4 - (-1 + (3 - (14 + -5) - 0))?
11
Calculate -49 + 48 - (0 - 5 - 7).
11
Evaluate 1009 + -1025 - (-1 - (4 - -1 - 0)).
-10
-2 - (-4 - (-3 + (9 - (0 + 5))))
3
What is the value of -16 + (-7 + -5 - -44)?
16
What is the value of 16 - (-2 - (1 + -1)) - (31 + -21)?
8
Calculate (1 - 30 - -6) + 12 - 7.
-18
Calculate -45 + 36 + -2 + (-3 - -8) + -2.
-8
Evaluate -27 - (-31 - (-4 + -11)).
-11
What is the value of 810 - 780 - (-9 - 0)?
39
(-1 - (-2 - (3 + 28))) + -139 + 135
28
What is the value of 43 - ((-27 - -33) + 16)?
21
Evaluate (-1 - 1) + -7 + 18.
9
-7 + -2 + -11 - (-2 + 1 - 3)
-16
Calculate (-57 - -45) + 36 + (-9 - -8).
23
What is the value of (-26 - -14) + (1 - (-3 - (-6 + 1)))?
-13
-26 - (-24 + 9 - 7)
-4
Calculate -5 + (4 + -1 - (0 + 8)).
-10
-8 + 4 + 3 + -4 + 0
-5
Evaluate -27 + -34 + 14 + 29.
-18
Calculate 1 - (1 + 2 + -3 + (-4 - -8)).
-3
What is the value of (31 - 24 - 18) + (4 - (-2 - -3))?
-8
What is the value of 12 - (4 + 4) - ((1 - -1) + 2)?
0
What is the value of -3 - ((-17 - -7) + 6 + 5)?
-4
What is the value of (-16 - (5 - 13)) + -1?
-9
What is the value of (9 - (-11 - -21)) + 3?
2
Calculate -9 - ((8 - -2) + -38 + 9).
10
-307 + 337 + -3 + 0
27
Calculate 43 + (5 - (30 + -2)).
20
What is the value of -25 + (60 + -17 - 8)?
10
-7 + 5 + 3 + -4 + 1
-2
Evaluate 82 + -74 + -10 + -2.
-4
(-23 - 5 - 7) + 7
-28
What is 3 + 7 - (-125 - -126 - (9 - 1))?
17
Evaluate 27 + 23 + -24 + -23.
3
Calculate -2 + -6 - (36 + -39) - 1.
-6
Evaluate 1 + -11 + 13 - -5.
8
What is the value of 12 + 2 + (-23 - (-8 + -3))?
2
23 - (36 + 29 + -19)
-23
What is 1 + -5 + (15 - 8) + (-2 - 0)?
1
Calculate -4 + 11 + -5 - (16 - -1) - 6.
-21
What is (-1 - -13) + -6 + 9?
15
Calculate -1 + (2 - 6) + 2 + 0.
-3
What is the value of (-4 - -10) + -13 - (1 + -8)?
0
Evaluate -20 - (-25 + (-14 - -8)).
11
Calculate -3 + (2 - 0 - -7) + 2 - 8.
0
Calculate -4 + -1 + (1 + 28 - (12 - 14)).
26
21 + 60 + -36 + -21
24
What is 53 + -45 + 0 + -11?
-3
Evaluate (-22 - -18) + -12 + (-1 - -8).
-9
What is -2 + 1 - 2 - (-11 - (-20 - -3))?
-9
What is 190 + -195 + -3 + 1?
-7
(-6 - -5 - -1) + 6 + -8 + 17
15
Calculate 2 + 17 - (11 - (-26 + 27)).
9
0 + 2 - -5 - (-39 - (-35 - 5))
6
What is -10 - (1 + 0 + 10 + -8)?
-13
5 + -3 + 7 - (40 + -12)
-19
What is 0 + -14 + -13 + 19 + -4?
-12
29 - (-7 - (-23 - 0))
13
Calculate 4 - (-5 + 8 + (4 - 17) + 8).
6
Evaluate -8 - (9 - (13 - -4)).
0
(-1 - 24 - -32) + -26
-19
25 + (0 - 2 - 25)
-2
Calculate -5 + -3 - (9 + -4 - 11) - -3.
1
Calculate 6 + (8 - 10) + -13 - (0 - 14).
5
Evaluate 6 - 0 - (-149 - -152) - -8.
11
What is the value of -8 - ((-6 - -14) + (-2 - 6))?
-8
Evaluate 7 + 36 + -2 - (37 - 22).
26
13 + -27 - (1 + -11)
-4
What is 7 + -2 + -6 + 3 + -13?
-11
Calculate (-54 - -24) + (-15 - -20).
-25
Calculate (-16 - -15 - -2) + 19.
20
What is the value of 1 + 28 + (1044 - 1044)?
29
Calculate 7 + ((7 - 29) + 19 - (1 + 22)).
-19
Evaluate 1 + 16 + -74 + 30 + 4.
-23
Evaluate 3 - (7 + (-9 - -5)).
0
Calculate -18 - (-3 + (15 - 5 - 10)).
-15
(5 - 1 - (12 - 7 - -5)) + 11
5
-66 + 60 - (2 + 9 + -1)
-16
What is -4 + (-17 - (-25 + 7))?
-3
-24 - (-14 - (0 - 10 - (-25 + 22)))
-17
What is the value of 25 - 16 - (25 + -3)?
-13
Calculate -24 + -1 + (-8 - (10 + (-17 - 2))).
-24
What is (-17 - (2 - 1)) + (23 - (26 + -8))?
-13
Calculate 12 - (-18 + 2) - 62.
-34
Evaluate 6 + (68 - 25 - 22).
27
Calculate -12 - 2 - (43 + -51).
-6
What is 51 + -35 + -21 + (0 - 17)?
-22
((-7 - -6) + -10 - (2 - 3)) + 1
-9
Evaluate -23 - -21 - (3 - (-3 + (4 - -5))).
1
What is the value of -3 - (1 - 5 - -7 - 5)?
-1
(-4 - (-1 + 0)) + -28 + -26 + 56
-1
What is the value of 16 - ((-5 - 2) + (-7 - -17))?
13
Evaluate -15 - (-1 - 4 - 0 - 2).
-8
6 - (8 + 7) - (8 - 16)
-1
Calculate -6 - (4 + -9 - 0).
-1
Calculate (-4 - 0) + (10 - -2 - (27 - 16)).
-3
What is (-23 - -12) + (7 - 1) - -15?
10
What is the value of 406 + -401 - (20 - 0)?
-15
Calculate -3 + (6 - 0) - (3 - -4).
-4
What is the value of -8 + (-3 - (2 - 5 - -6)) + 4?
-10
What is 46 + -5 + 1 + -32 + 33 - 9?
34
What is 14 + (34 + -16 - 32)?
0
Calculate (47 + -33 - (5 + -2)) + -2 + 7.
16
What is -34 + 27 + (-10 - -6)?
-11
Evaluate -3 + (6 + -1 + 2 - -2) + 8.
14
What is 4 + -7 + (19 - 6) + -6 - 11?
-7
Calculate -1 - -17 - (-84 + (90 - 6)).
16
Evaluate -2 + ((3 - 0) + -4 - (33 + -42)).
6
-2